 41).
40
Evaluate (65 - (73 - 38)) + -24.
6
Evaluate (1 - (-3 + 41)) + 1 - (142 + -332 + 186).
-32
Calculate 4 + (-3 - (1 + 10)) + 22 + -5.
7
Evaluate -1 + -4 + (-22 - (-291 - -343 - (-1 + 21))).
-59
-12 + (19 - (-31 - -55))
-17
Calculate -80 + -4 + 12 + (-23 - (-15 + (-1 - -4))).
-83
8 - (15 + -14 + -27) - (-9 + -4) - 0
47
Evaluate 2 + (4 - -3 - 9) + -26 - (-14 - -15).
-27
What is the value of -76 - 1 - 2 - (88 + -90 + 4)?
-81
(6 - ((-12 - -41) + 10)) + -11 + 2
-42
What is the value of (124 - 47) + -54 + -54?
-31
What is -12 + 3 + -30 + 68 + 72?
101
Evaluate -497 - -439 - (-5 - -12).
-65
What is the value of 13 + ((-217 - -211) + -1 + -1 - 10)?
-5
Evaluate 5 + (9 - 0) - (-49 - 14 - -16).
61
What is the value of 34 - (-33 + 61 - -81)?
-75
What is the value of (-468 - -483) + (-50 - 1)?
-36
What is the value of -27 + -2 + (16 - ((5 - 18) + 19))?
-19
38 + -3 - (222 - 78 - 0)
-109
Evaluate 65 + 0 + (-16289 - -16082).
-142
-13 + (10 - 17) - -57 - 8
29
-6 + 43 + (-51 - 11) + 9
-16
3 + (16 - (-9 - 2)) + 53 + -37
46
What is the value of -4199 + 4242 + (-1 - 69)?
-27
(-26 - 7) + (-4 - (5 + 3))
-45
Evaluate 55 + (47 - (71 + -9)) + (1 - -16).
57
What is the value of 123 + -116 - (61 - 0) - (-20 + 8)?
-42
What is (-47 - -12 - (-40 + -9)) + (17 - 1)?
30
Evaluate 8 - (1 - 2) - ((61 - 4) + -21).
-27
What is the value of -12 + (-22 - (-45 - 2)) - 16?
-3
Calculate (-83 + 41 - -64) + (3 - (5 - 2)) + -1.
21
What is the value of -31 - -142 - (14 - -189)?
-92
Evaluate (-18 - ((-7 - -5) + 19)) + 14.
-21
What is (-1557 - -1603) + (2 - 52)?
-4
What is (-54 - (-97 + 43)) + 35 + 2?
37
Evaluate (-39 + 119 - 184) + 6.
-98
Evaluate ((3 + -1 - 0) + -6 - (-161 + 144)) + -3.
10
What is the value of -39 + 47 - (-10 + 39)?
-21
Evaluate 35 + (-21 - (11 + 5)) - 114.
-116
11 + 41 + -28 - (-5 + 1 + 3 - 1)
26
What is -40 + (45 - 32) + 61 - 84?
-50
Calculate 11 - ((4 - 2 - -27) + (2 - 15)).
-5
Evaluate (-113 - -1) + -22 + -9 + 2 + 7.
-134
What is -1 + 100 + (-8846 - -8781)?
34
Calculate (1 + -1 - -2) + (200 - (-162 - -357)).
7
What is 30 - (-42 + 56 - (-2 + 2 + 6))?
22
What is -22 - -54 - (2 - (-21 - -7))?
16
What is (-31 - 21) + 13 + (2 - -10 - 43)?
-70
Evaluate -59 - -15 - 8 - (-1 + 9).
-60
Evaluate -1 + -6 + (-2 + -5 - (0 - (0 + 8))).
-6
Calculate (-48 - (9 + -3)) + 17.
-37
What is the value of 4 - (-3 - (0 - (16 - 1)) - -7)?
-15
Evaluate (1 - -13) + (120 - (-63 + 115)).
82
What is the value of (-94 - -71) + -9 + 20 + 10?
-2
Calculate (-3 - -74) + -3 + 2 + -39 + 7 + 25.
63
What is (20 - 6 - -3) + -30 + -32?
-45
Calculate (-59 + 104 - 77) + (-2 - (3 - 7)) + -2.
-32
-35 - (-3 - -7) - (15 - 33 - -7)
-28
Calculate 0 - (-1 - 10 - -5) - (400 - 458).
64
6 + (-16 + 15 - (2 + -7 - 30))
40
What is 84 + -143 + -1 - 6?
-66
1636 - 1673 - (1 - -17)
-55
Calculate 18 + -4 + (-52 - (20 - 28)).
-30
-13 + (8 - (-2 + 8 + 0)) - (36 + -6)
-41
Evaluate 57 + (-47 - -15) - 48.
-23
What is 117 + 27 + 20 + -29 + -4?
131
What is -29 + 31 + -55 + 62?
9
Calculate -78 + (140 - 123 - (-1 + 8)) + -18.
-86
Calculate 42 + 4 + -7 + 2 - ((-55 - -24) + 27).
45
Calculate (0 + 12 - (5 - -1)) + (-6 - 4) + 43.
39
5 + -14 + (-11 - (6 + -11)) + (10 - -36)
31
What is the value of 5 + -1 + 5 - (56 - 7) - 3?
-43
Evaluate 58 - (-42 + 14 + 11 + 10).
65
What is the value of 10 - ((33 + 7 - 12) + 12 + 2)?
-32
Evaluate 32 + (-41 - -13) - (0 - (6 - 3)) - -42.
49
Evaluate 4 + -8 + -5 + 113 - (54 + (-96 - -46)).
100
What is the value of (2 + (-4 - (-3 - 10)) - (240 + -226)) + -24?
-27
(-105 - -43) + -146 + 190
-18
Calculate 0 - (14 + (5 - (13 - 11))) - -61.
44
0 + (2 - 2) + 14 + 3863 + -3840
37
What is -46 + -2 + 58 - (-2 + 5)?
7
What is the value of 9 + 19 + (12 - -14) - 26?
28
What is (-16 - (-16 - -14 - -5)) + 83?
64
Evaluate 1438 + -1408 - (36 - 1).
-5
-31 - (-59 - -55 - 20)
-7
(2 - (3 - -1)) + -28 + 1 + 7
-22
Evaluate -58 - 0 - (3 - -19 - 55).
-25
What is -19 + 20 - (3 + (-8 - (-5 + (7 - 6))))?
2
Calculate -95 + 114 + 45 + 30.
94
-10 + (-48 - (13 - 41))
-30
Evaluate 76 - ((14 - 8 - -6) + (22 - 12)).
54
Evaluate (1469 - 1566 - (0 + -44)) + -24.
-77
Evaluate -34 + (25 - -27) - -23.
41
Evaluate 2 - (30 + 23 - 17).
-34
Calculate (-35 - -72 - 37) + 4 + (-6 - 1 - 93).
-96
What is the value of -1 + 4 - (29 + (-20 - 3)) - -40?
37
Calculate (1 - (4 + -2 + 2)) + (-359 - -276).
-86
(-3 + 72 - 116) + 53
6
Calculate -20 + -1 + -3 + 0 + 6 - (140 - 152).
-6
(-16 - -3) + ((30 - 13) + -72 - -12)
-56
Evaluate (-1 - (3 + 4)) + (-1 + 60 - 18).
33
What is the value of (85 - -2) + -1134 + 1035?
-12
Calculate -26 + (50 - (5 + 30)) + 76.
65
(8 - (79 + (0 - -7))) + 20
-58
What is 67 + -5 + -1 + (25 + 9 - 12)?
83
What is (-8 - -7) + -10 + 6 + 2 + -13?
-16
What is (6 + -32 + 129 - 19) + -4?
80
(-18 - -69) + -20 - (-3 - -55)
-21
What is (-514 - -447) + (6 - -2)?
-59
33 - (35 - (-51 - -75))
22
Evaluate 8 + -44 + 87 + -30 + 4.
25
What is the value of -8 - 17 - ((-29 - -34) + -7)?
-23
Calculate -8 + -1 + 8 + -306 + 328 + (-2 - -1).
20
What is the value of (-13 - (55 - -7)) + -27 + 72 + -28?
-58
Calculate 48 + (0 + -12 - (41 + -55 + 18)).
32
What is 84 + -33 + (-44 - -23)?
30
What is the value of (115 - 3) + (3117 - 3185)?
44
-11 - ((-3 - 17) + (15 + 46 - -17))
-69
Evaluate 152 - (60 - -98) - ((-1 - 0) + 0).
-5
Evaluate 6 - -3 - -55 - (16 + -9 + -1 + -1).
59
What is the value of (-1 - -75 - (-9 + (6 - -2))) + (-3 - -14)?
86
Evaluate -3662 + 3656 - (0 + -16).
10
(-16 - -11) + (25 - (-3 - (-16 + 9)))
16
-13 - ((0 - 1) + -13 + -48 + 47 + -33)
35
What is the value of 4 - (((9 - 13) + -8 - 13) + 1)?
28
96 - (-4 + 72) - 71
-43
Evaluate 68 - 162 - (-59 - 0).
-35
What is 142 + -221 - (-30 + 2)?
-51
What is -14 + (20 - (-8 + 11)) + (3 - 6)?
0
What is (-7 - (2 + 6 - (18 + (-1 - 8)))) + 5?
-1
What is the value of 43 + -28 + (34 - 0)?
49
What is the value of 46 - (30 - (-54 + 51))?
13
Calculate 7 + (-11 - -33) + -21.
8
Evaluate 7 + -2 + (-1 - (13 - 0)) + 16.
7
Calculate -520 - -553 - (-11 - -15 - (10 + 0)).
39
What is the value of 24 + (-26 - (103 + -23)) + (0 + -4 - 0)?
-86
Calculate 21 - (2 - -12 - (107 - 62)).
52
Evaluate -27 + 24 + -75 + 63.
-15
Calculate -26 + -11 + 36 + (8 + -41 - (-1 - 0)).
-33
-68 + 19 - -45 - 11 - (1 - -9)
-25
What is the value of 67 - (55 - (-7 + 39))?
44
Evaluate -45 - (-2 - 47 - (1822 - 1805)).
21
Calculate (12 + -29 - -11) + -9 + -54 + (-5 - 8).
-82
Calculate 54 + -9 + 0 + 62 + -27 + -34.
46
What is -33 - (4 - (-26 + -10 - -17))?
-56
What is (74 - 89) + (3 - ((4 - (-3 + 6)) + -82))?
69
Calculate -4 + -6 + 22 + (23 - 34).
1
What is -54 + (191 - 190 - (-1 + -6))?
-46
What is 77 - (-14 + 3 - (-40 + 53))?
101
3 + 42 + -32 + (-12 - -39)
40
-6 + 13 + -15 + 36 + -9
19
What is the value of -42 - (-128 - -108 - (-21 + 4 - -3))?
-36
What is the value of (-95 - (-113 - -49)) + 79?
48
Evaluate 25 + (-10 - (-22 - -36) - -68).
69
Calculate 51 + 36 + -132 + 7.
-38
14 - (7 + -16 + 20 + 48)
-45
Evaluate 13 + 30 + -14 + (9 - 0 - 0).
38
Calculate (-5 - 8) + 67 - ((-29 - -33) + 1 + -4).
53
-13 - (5 + 21 + -10)
-29
What is (-1 - 6) + (-427 - -431) - 16?
-19
What is -51 + -14 + 47 + 68?
50
What is the value of (-57 + 42 - -29) + -39 + 29?
4
Evaluate 51 + (533 - 516 - (-1 - -21)) + 0 + 9.
57
What is the value of 2 + (-50 - (-69 - -40))?
-19
What is the value of 57 + 11 + -136 + 0 + 15 + -22?
-75
Calculate -1 + -107 + 118 - (-3 - (2 + -8) - -70).
-63
What is -52 - ((-3 - ((0 - -16) + -18)) + 6)?
-57
((12 - 10) + -2 - (-83 - 12)) + -15 + 0
80
What is the value of (-3 + 14 - 1) + (-1 - 11) + (-74 - -92)?
16
Calculate 52 - (8 - 4 - 17 - (338 + -350)).
53
Calculate (225 - 243) + 0 + 6 + -1.
-13
What is 17 + (29 - 0) + (-707 - -623)?
-38
What is the value of 297 + -495 + (40 - -33)?
-125
-131 + 145 + 16 + -11
19
What is the value of -10 - -20 - 6 - 18 - (9 - (-4 + 0))?
-27
-152 - ((-10 - 7) + 4 + (11 - 2))
-148
Evaluate (-16 - (-92 + -11)) + -10 + 31 + -15.
93
What is the value of 13 + 11 + -23 + 23 + 6 + -23?
7
What is -23 + (3 - (-4 + (-23 - -19) - 12))?
0
What is the value of -40 + (-86 - -157) + 35?
66
What is -99 + 73 + (-7 - -3)?
-30
What is -21507 - -21481 - (-1 + 1 - -8)?
-34
(2 + -3 + 2 - 4) + -82 + (690 - 585)
20
What is the value of -42 + (-173 - -172) + 2 + (0 - 0) - -7?
-34
What is 65 + (80 - (-68 - -176))?
37
-21 + -4 + -10 + (13 - -3) + -14
-33
What 